t v = -10 - 0. Let w = -14 - v. Let d be -4 - (2 + -6 + w). Let s(i) = 4*i. What is s(d)?
16
Let v(m) = 242*m + 1202. Let s be v(-5). Let t(x) = -2*x - 6. Calculate t(s).
10
Let g(z) = z**3 - 7*z**2 - 8*z + 9. Suppose 5*n + 0*n + 3*r - 22 = 0, -2*n = r - 9. Suppose 0 = -3*l - 2*k + n*k + 18, -l + 5*k = 2. Give g(l).
9
Let x(o) = 1 - o**3 + 0*o + 3*o + 2*o + 4*o**2. Suppose 0*h = -2*h + 10. Calculate x(h).
1
Let o = -44 - -47. Let s be 12/o*2/(-4). Let y(k) be the third derivative of -k**6/60 - k**5/15 - k**4/8 - k**2. Determine y(s).
6
Let x(d) = -5*d**2 - 3*d - 2. Let o(l) = -14*l**2 - 9*l - 6. Suppose 0 = -2*w - 5*f - 4, 20 = w + 4*w + 5*f. Let m(q) = w*x(q) - 3*o(q). Give m(-2).
4
Let f(s) = 1. Let r be 56/(-32) + 3/4. Let m(o) = 2*o. Let w(t) = r*m(t) - f(t). What is w(1)?
-3
Let b be 55*(44/20 + -2). Let f(x) = x**3 - 9*x**2 - 23*x - 12. Give f(b).
-23
Let c(a) be the third derivative of a**4/6 + a**3/6 - a**2. Suppose 92 = -9*m + 65. Give c(m).
-11
Suppose 0 = -t - 10 - 2. Let c = -10 - t. Let h be 2*(0 + c) + 2. Let n(x) = -x + 1. Give n(h).
-5
Let w(i) = -6*i - 4 + 26*i - 8*i + 3 + 2. Calculate w(-1).
-11
Let r(x) be the third derivative of 22*x**2 + 0*x + 0 + 1/12*x**4 + 4/3*x**3. Give r(-7).
-6
Suppose 0 = c - 1 - 1. Let u(a) be the third derivative of 5*a**2 - 1/3*a**3 + 0*a + 0 - 1/6*a**4. Determine u(c).
-10
Let y(t) = -t**3 - 10*t**2 - 2*t + 3. Let r be y(-10). Suppose 81 + r = -13*x. Let f(g) = -g - 10. Give f(x).
-2
Let x(d) = -6*d**2 + 4*d + d**3 + 1 + 0*d**2 + 5. Let g be 13/(78/54) + -4. What is x(g)?
1
Let r be ((-12)/63*7)/(2/(-6)). Let l(j) be the second derivative of 0 - 1/2*j**3 + 0*j**2 - r*j. Give l(3).
-9
Let b(c) = -c**3 - 10*c**2 + 2*c + 13. Let l(v) = -v**2 - v + 1. Let u(q) = -b(q) + 3*l(q). What is u(-7)?
25
Let q = -17 - -19. Let f(r) = q*r + 0*r**3 + 3 + 4*r**2 - 10*r**3 + r + 11*r**3. Calculate f(-2).
5
Let l be (-2)/9 + 2/9. Let n(u) be the second derivative of u**3/6 - 13*u**2/2 + 92*u - 8. Give n(l).
-13
Let l(m) = -m**2 - 1. Let i(q) = 12*q**3 - 2*q**2 - 6. Let p(a) = -i(a) + 5*l(a). What is p(-1)?
10
Suppose 0 = 4*g - 9*g + 20. Let f(y) = 3 + g - y - 6 + 6*y**2. Determine f(1).
6
Let s(c) = c - 6. Let n = -1707 + 1713. Determine s(n).
0
Suppose -4*n - 7 = 1. Let j be (2 - 3)*(n - 7). Let f(k) = -2*k - 11 - k**2 + j - 5*k + 5. Determine f(-6).
9
Let o = -13 + 21. Suppose o + 4 = 2*x. Let c(n) = 2*n - 1. What is c(x)?
11
Let f(k) be the first derivative of 3*k**2 - 7*k + 458. Calculate f(4).
17
Let j = -1 + 11. Let h(r) = -3 + j*r + 4 - 2. Let b(l) = l**2 - 5*l - 5. Let d be b(6). Determine h(d).
9
Let p(a) = a**3 - 10*a**2 - 2. Let x(c) = 9*c**2 - 55*c - 54. Let l be x(-1). Determine p(l).
-2
Let n(x) = -2*x**2 + 3*x + 4. Suppose k = 4*z - 37, 5*k - 2*k - 15 = -2*z. Suppose z = f + 6. Calculate n(f).
-5
Let n = -21 + 29. Let x = -4 + n. Let u(d) = x*d**2 + 3*d + 0*d**2 - 9*d**2 + 3 + d**3. Calculate u(3).
-6
Let t(v) = 169 - 57 - 63 - 55 - 3*v. Give t(-4).
6
Let u = -1346 + 1345. Let o(x) = -38*x**3 - 1. Determine o(u).
37
Let p(x) = x - 2. Let j = 167 + -163. Give p(j).
2
Let c = -22 + 30. Let m(o) = o**3 + 10*o**2 + 2*o + 12. Let g(h) = -6*h**3 - 51*h**2 - 11*h - 61. Let k(d) = -2*g(d) - 11*m(d). What is k(c)?
-10
Let n(i) be the second derivative of i**3/6 - 2*i**2 + 20*i. Let r be (-21)/(-6) - 12/(-8). Determine n(r).
1
Let o = -184 + 185. Let d(h) be the third derivative of h**5/120 - h**4/12 + 2*h**3/3 + 4*h**2. Let i(m) be the first derivative of d(m). Determine i(o).
-1
Let v(a) be the first derivative of a**4/4 - 2*a**3/3 - a**2 + a + 12. Let l be 0 + (3 + -2)*2. Calculate v(l).
-3
Let m(w) = -4*w - 1. Suppose -4 + 3 = -l. Let a be m(l). Let d(f) = -74 + f**2 + 0*f + 3*f + 74. Give d(a).
10
Let n(a) = -a**2 + 18*a + 8. Let c = 1417 - 1399. Determine n(c).
8
Let y(t) = t**2 + 7*t - 5. Suppose 2*a = 4*g - 61 - 1, -57 = -3*g + 5*a. Suppose -14 + 112 = -g*u. Determine y(u).
-5
Let s(m) be the second derivative of m**3/2 + m**2/2 - 1613*m. Suppose -2*n + 5*k = -29, 2 = n - k - 5. Give s(n).
7
Let o(j) = j**2 + j - 24. Let t be o(-6). Let p(l) = -3 + 36*l - 41*l + t*l**2 + l**3 - 2*l**3. Let r = -1 + 6. What is p(r)?
-3
Let b = 5 - 7. Let u(d) = 2*d**2 + 4*d + 2. Let r be u(b). Let i(m) = -m**3 + 5 - 14 + 7*m + 5*m**r - m. What is i(6)?
-9
Suppose -4*d + 13 + 43 = 0. Suppose d*l + 70 = -0*l. Let n(j) be the second derivative of -j**4/12 - 2*j**3/3 + 5*j**2/2 + j. What is n(l)?
0
Let x(m) = -40*m + 39*m + 17 - 21. Let k be (-25)/10*(-1 + 3). Let n be (k/3)/((-2)/(-6)). What is x(n)?
1
Let z(b) = -8*b**2 + 6 - 6*b + 15*b**3 - 16*b**3 - b**2. Suppose -5*a = -5*x - a - 36, 3 = -x + 5*a. Calculate z(x).
-10
Let m(f) = -f**2 + 2*f + 5. Suppose 0 = 2*y + 2*x - 10, -25*y + x = -21*y - 10. Calculate m(y).
2
Let a(v) = 2*v**2 + 8 + 4*v - 4 - 3*v**2. Let t be (9/(126/(-20)))/((-2)/7). Calculate a(t).
-1
Let n(y) = 3*y - 15. Let v(f) = 5*f - 24. Let q(m) = 8*n(m) - 5*v(m). Calculate q(4).
-4
Let c(t) = t**2 - 12*t - 18. Let r(l) = 3*l**2 - 25*l - 34. Let d(g) = 5*c(g) - 2*r(g). What is d(-9)?
-13
Let z(l) be the first derivative of l**4/4 + l**3/3 - 5*l**2/2 + 5*l + 199. Determine z(-3).
2
Let j(z) be the second derivative of -3*z + 1/60*z**5 + 1/12*z**4 - 1/60*z**6 - 1/6*z**3 + 0 - 1/2*z**2. Let m(i) be the first derivative of j(i). What is m(2)?
-9
Let h(d) = -d - 3. Let s = 38 - 59. Let g = 18 + s. What is h(g)?
0
Let g = 17611 - 17606. Let w(y) = 4 + y**3 + 0*y + 5*y**2 - 2*y - 2*y**3. Calculate w(g).
-6
Suppose 14*x - 36*x + 66 = 0. Let k(r) = 9*r**2 - 3*r + 4. Calculate k(x).
76
Let r(l) = -18 + 6*l**2 + 17 + l**3 - 7 - l - 10*l. What is r(-7)?
20
Suppose w - m = 3, 2*w = -3*m + 1 - 0. Let o(d) be the second derivative of -d + 1/2*d**w + 0 - 1/6*d**3. Calculate o(-2).
3
Let a(i) = i**3 + 5*i**2 + 7. Suppose 35*v = -19*v - 324. What is a(v)?
-29
Suppose -2*o - 2*f + 62 = 0, -136 - 6 = -4*o + 5*f. Let s = -27 + o. Let v(l) = 2*l**2 - 10*l + 8. What is v(s)?
20
Let f be (-350)/(-126) + (-4)/(-18). Let l(q) = -6*q + f - 35*q**2 + 36*q**2 - 4 - 3*q. Determine l(9).
-1
Let j(n) = -4*n**3 - 4*n**2 + 6*n + 7. Let r(u) = 4*u**3 + 2*u**2 - u. Let p(h) = h**3 + h**2. Let l(m) = -3*p(m) + r(m). Let w(f) = -j(f) - 3*l(f). Give w(-7).
14
Let u(h) = 4*h - 8. Let o = -22 + 25. Let q be u(o). Suppose 0 = q*v + 6 - 22. Let s(p) = -p + 3. What is s(v)?
-1
Let o(m) = -m**2 + 3*m + 3. Let v = 2 - -1. Let b = v - 3. Let l be b + 2 + 1/1. Give o(l).
3
Let c(b) = -b**3 + 17*b**2 - 38*b - 50. Let g be c(14). Let v(y) = y**3 - 4*y**2 - 1. What is v(g)?
71
Let s(m) be the second derivative of m**3/6 - 3*m**2/2 - 36*m. What is s(11)?
8
Let m(d) = d + 1. Let g be m(1). Let i(l) be the first derivative of 4*l**3/3 - 3*l**2/2 + 2*l - 39. Determine i(g).
12
Let j(w) = 11*w + 91. Let v be j(-9). Let z(f) = f**2 + 2*f - 9. Determine z(v).
39
Let g(z) = 8 - 6 + 3*z + 6 - 4*z + 0*z. Determine g(9).
-1
Let d(b) = b**3 - 13*b**2 - 15*b + 1. Let k(i) = -i**3 + 14*i**2 + 16*i. Let x(h) = 7*d(h) + 6*k(h). Let s be x(8). Let g(f) = f + 2. Calculate g(s).
1
Let v(u) be the third derivative of -u**6/120 - u**5/12 + u**4/12 - u**3/2 + u**2. Let d = 706 - 711. What is v(d)?
-13
Let t(n) = -n + 20 - 32 + 14. Let j(h) = -h**3 + h**2 - h + 8. Let r be j(0). Suppose -5*c = -3*d + 6, r = -0*c + 4*c + 4*d. Calculate t(c).
2
Let j(n) = n**3 - n**2 + 4. Let u(z) = 4*z**2 - 3*z + 2. Suppose 0 = 2*b - 2. Let a be u(b). Suppose -a = 2*w - r, -w + 5*r = -0*r + 15. Give j(w).
4
Let g(y) be the second derivative of y**5/20 - y**4/6 - 7*y**3/6 + 5*y**2/2 + y - 4. Calculate g(4).
9
Let o = -74 + 83. Let d(h) = -h + 11*h - 3*h**2 - o*h. What is d(1)?
-2
Suppose -5*d = -3*g - 35, 0*d + 4*d = 4*g + 20. Let m(l) = l**2 + 9*l - 3*l**2 + l**2 - d + 4. What is m(6)?
12
Let y(n) = 3*n + 19. Let w(j) = -j + 9*j - 4*j - 3*j + 6. Let g(s) = -8*w(s) + 3*y(s). Determine g(-7).
2
Let z(o) = -o. Let r(y) be the first derivative of 4*y**2 - 3*y + 4. Let w be r(2). Let v = 14 - w. What is z(v)?
-1
Let a(b) = 5*b**2 - 56*b + 51. Let w(d) = -d**2 + 11*d - 10. Let u(h) = -2*a(h) - 11*w(h). Let t be (-144)/(-22 - -10) - 6. Give u(t).
-10
Let p(z) = 15*z - 188. Let q be p(12). Let j(a) = -9*a**2 + 0 + 2 - 6*a - a**3 - 2*a. Calculate j(q).
2
Let l(g) be the third derivative of -g**5/60 